reds digit of g?
1
Let w be ((-45972)/(-8))/(-9)*(1 - 3). Suppose -3*j - 2*j + m = 1612, -4*j + 5*m - w = 0. What is the tens digit of (-6)/9 - j/3?
0
Let z = -62159 + 87445. What is the thousands digit of z?
5
Let g(n) = 4*n**2 - 231*n - 327. What is the hundreds digit of g(81)?
2
Suppose 4*p - 4*u - 104 + 8 = 0, 3*p = -5*u + 72. Suppose 5*w - p = l + l, -2*l + 12 = 4*w. What is the tens digit of 2*(3 - w) + 18?
1
Suppose -31*j + 72542 = -12*j. What is the units digit of j?
8
Suppose -21*b + 40880 = -13*b. What is the units digit of b?
0
Let p = -107 - -112. Suppose 2*x + 5*c = 642 + 599, x + p*c = 618. What is the units digit of x?
3
What is the units digit of (20 - 11) + (19719 - -5)/4?
0
Let r = 3540 + 3986. What is the thousands digit of r?
7
Let n(j) = 2*j**2 - 10*j + 15. Let p be n(6). Let q = p - 26. Suppose 3*v = -2*k + 75, q = -k - 3*v + 31. What is the tens digit of k?
4
Suppose 54*k - 3026 = 53*k + 749. What is the hundreds digit of k?
7
Let t be 3 + 3 + 1*(-24)/4. Suppose -12 = 5*s - 4*s. What is the tens digit of s/10*(725/(-10) - t)?
8
Suppose 0 = -22*b + 526 - 9656. What is the units digit of (-40)/6*(4 + b/10)?
0
Suppose -4*v - v + 15 = 0. Let w(a) = a**3 - 2 - 5*a**v + 12 - 6 + 2*a. What is the tens digit of w(-3)?
0
Let n = 6289 - -6298. What is the thousands digit of n?
2
Suppose 0 = 4*y - 4*x - 137808, 4*y + 4*x - 39596 = 98244. What is the ten thousands digit of y?
3
Suppose 0 = -5*g - 47 - 3. Let y be (g/8 + 2)/((-5)/(-20)). Suppose 0 = -3*h + 4*l + 102, 43 + 62 = 3*h - y*l. What is the tens digit of h?
3
Let o(v) be the second derivative of 11/12*v**4 + 0 + 3/2*v**2 - 1/3*v**3 + 18*v. What is the tens digit of o(2)?
4
Suppose 13*c = 18*c + 4*k - 24243, 0 = -c + k + 4845. What is the tens digit of c?
4
Let q be (-3 + 2)*52*2/8. Let p(j) = -28*j - 69. What is the units digit of p(q)?
5
Suppose -10*r + 48 = -2*r. Suppose -3*m - 2*j = -r*m + 109, -5*m - 4*j + 145 = 0. Let s = m + 21. What is the units digit of s?
4
Let o be (-16)/88*-1442 - (-4)/(-22). Let b = o + -219. What is the units digit of b?
3
Let m = -100332 + 171085. What is the units digit of m?
3
Let u be (-3)/((-3)/97) + -1. Suppose h = 31 - u. Let i = h + 130. What is the units digit of i?
5
Suppose 0 = -143*w - 11*w + 544639 + 81987. What is the thousands digit of w?
4
Let y = 29 + -8. Let c be -3*1 + (-4851)/y + 1. Let o = -166 - c. What is the tens digit of o?
6
Suppose -613 = n - 2663. What is the tens digit of n?
5
Suppose c + 12 = 3*d - 2*c, -5*d + 2*c = -14. Suppose -3 = d*y - z, 3*z + 5 = -6*y + 5*y. What is the tens digit of (-6)/(-12)*73*(-4)/y?
7
Suppose -o + 383 = -0*o + 4*j, 3*o - 1110 = j. Suppose -o = -4*d + 857. What is the units digit of d?
7
Let k(v) = -v**3 + 9*v**2 - 2*v + 4. Let z(h) = 3*h**2 - 6*h - 2. Let f be z(3). Let m be k(f). What is the tens digit of -2 + (0 - -4) + m?
9
Let v = 31024 - 17073. What is the hundreds digit of v?
9
What is the thousands digit of (3/2)/(12*4/336736)?
0
Let q = -1629 + -555. Let g = 3547 + q. What is the hundreds digit of g?
3
Let b(f) = 2*f**2 + 193*f + 38. What is the units digit of b(84)?
2
What is the ten thousands digit of 208*(-555)/8*(-8)/6?
1
Let l(s) = s**3 + 40*s**2 - 21*s - 668. What is the ten thousands digit of l(33)?
7
Let n = 8638 + -6000. What is the tens digit of n?
3
Let n(b) = 2*b**3 - 2*b**2 - b + 1. Let h be n(1). Suppose 2*g - 3*d - 694 = h, 87 = g - d - 258. What is the tens digit of g?
4
Let h(f) = 178*f**2 - 34*f + 201. What is the units digit of h(4)?
3
What is the hundreds digit of 23645/2*(288/15)/12?
9
Suppose 0 = -20*h + 123679 + 451901. What is the tens digit of h?
7
Let d(j) = -8*j + 13 + 9*j - 4 + 28*j**2. What is the units digit of d(-5)?
4
Let b = -1429 - -5006. What is the units digit of b?
7
Let u be 4/((-8)/4) + (3 - -3). Suppose 2*q - 4580 = -4*t, -3*t - 1145 = -4*t - u*q. Suppose 6*h - t = -395. What is the hundreds digit of h?
1
Let p be (-22)/18 + (-14)/(-63). Let h be -1*p/3 + 748/132. Let r = h - -32. What is the units digit of r?
8
Let r(s) = s**3 + 11*s**2 - 10*s + 9. Suppose 3*n + 2*h - h + 36 = 0, 0 = 3*h + 9. Let b be (11/4)/(-3 - n/4). What is the tens digit of r(b)?
1
Suppose 5*x = 2*m - 419, 5*m - 5*x + 4*x - 990 = 0. Suppose -4*g + m = -535. What is the tens digit of g?
8
Let r = 618 - 1532. Let p = -559 - r. What is the tens digit of p?
5
Let h = -21 - -4. Let z = 207 - 141. Let q = z + h. What is the tens digit of q?
4
Let v = -160 + 196. What is the tens digit of v - (3 - 1 - 4)?
3
Suppose -8*z + 337050 = 17*z. Suppose -28*r = -z + 5110. What is the tens digit of r?
9
Suppose -5*a - 1 = -4*t - 2*a, 4*t + 4*a = -20. Let o(d) = -2*d**3 - 4*d**2 - 4*d - 3. Let q be o(t). Suppose -q*b = 5*b - 1700. What is the units digit of b?
0
Let r(z) = 35*z**2 - 91*z + 1678. What is the ten thousands digit of r(21)?
1
Suppose 20*d + 2922 = 23*d. Suppose d = 5*y - 2446. Suppose -y = -9*t + 351. What is the units digit of t?
5
Suppose -42*z + 7*z = 77*z - 221312. What is the units digit of z?
6
Suppose 13*h - 18 = 4*h. Suppose -7*s = -h*s + 25, -3*k = -2*s - 103. What is the tens digit of k?
3
Let i = -191 - -115. Let p = 22 - 165. Let x = i - p. What is the units digit of x?
7
Suppose c - 2*u - 19 = -90, 2*c + 127 = -u. Let f = -10 + c. What is the hundreds digit of 1*(-5)/(0 - (-3)/f)?
1
Let c(h) = -3*h - 290 + 963 + 18*h + 20*h - 2*h. What is the units digit of c(0)?
3
Suppose 0 = -n + 5*d + 4 + 12, -n + 4 = d. Let g = -2 + n. What is the units digit of 1 + ((-657)/18)/((-2)/g)?
4
Let b = -9625 + 9552. Let y be ((-106)/4)/((-1)/(-2)). Let m = y - b. What is the units digit of m?
0
Let c(i) = i**2 - 26*i. Let f be c(26). Suppose 4*y - 121 - 1179 = f. Suppose -y = -80*j + 75*j. What is the units digit of j?
5
Let l(r) = -r**2 - 11*r - 12. Let z be l(-4). What is the units digit of -1 + 4 + 1 - z*-20?
4
Suppose 354*b + 25400 = 364*b. What is the hundreds digit of b?
5
Let c be 2*(-1 + 7/2). Suppose 3*s = c + 7. Suppose s*x - 3*h = 301, -x + 0*h = 4*h - 80. What is the units digit of x?
6
Let t be 0 - (1 + -1) - -5. Let h(z) = 2*z**3 - 42*z**2 + 2*z - 32. Let p be h(21). Suppose 0 = 2*l - l - t, -5*c + p = -3*l. What is the units digit of c?
5
Suppose 2*i = r + 7, -3*i + 8*i - 5*r = 20. Let w be (i/(3/7))/((-8)/(-352)). Suppose 646 = 9*y - w. What is the tens digit of y?
0
Let t(q) = q**3 - 10*q**2 + 2*q - 183. What is the tens digit of t(22)?
6
Suppose 54*l + 6972 = -41*l + 101*l. What is the hundreds digit of l?
1
Let n(u) = 11*u**3 + 3*u**2 - 2*u - 2. Let q be n(2). Let h = 13 + q. What is the hundreds digit of h/(((-2)/3)/(14/(-21)))?
1
Let l(v) = v**2 + 23*v + 64. Let d be l(-20). Suppose 7*r = -2*x + 2*r + 40, 4*r = d*x - 24. What is the tens digit of x?
1
Suppose 8*x - 838 = 7*x. What is the hundreds digit of x?
8
Let h = -1907 - -5155. What is the units digit of h?
8
Let s = -6673 + 7880. What is the thousands digit of s?
1
Let s be 2*(-1)/6*11370/10. Let c = 231 - s. What is the units digit of c?
0
Let i = 4658 - 2378. Suppose -5*x - 5*q + i = 0, -5*q = 3*x - 7*x + 1815. What is the tens digit of x?
5
Suppose -4*m = -m - 3*d + 78, -99 = 4*m + d. Let o be (-6)/(-15) - 65/m. Suppose o*u - 4*u + 6 = 0. What is the units digit of u?
6
Let z(b) = -b**3 + 8*b**2 + b + 13. Let l be z(9). Let v = 62 + l. Suppose 5*y - 5*s = 480, 0*s = v*s + 9. What is the units digit of y?
3
Let m be (-752)/8*(-6)/(-4). Let k be (1 - 56)*(1 + 0). Let p = k - m. What is the tens digit of p?
8
Let l be (-7)/28 + 27/12. What is the tens digit of (l/((2/(-308))/(-1)))/2?
5
Let j(q) = q**3 + 18*q**2 + 18*q + 21. Let h be j(-17). Suppose -2*a + l - 41 = a, -a + h*l + 1 = 0. What is the hundreds digit of (-1689)/a - (-8)/20?
1
Let o = -2718 - -3944. Let j = o + -867. What is the hundreds digit of j?
3
Suppose 0 = 4*c + 5*t - 13298, 4*c + 5*t - 13304 = t. What is the units digit of c?
2
Let t(j) = -j**3 + 181*j**2 + 2*j + 41863. What is the tens digit of t(0)?
6
What is the tens digit of (-6158*(-9)/(-18))/(1/(-2))?
5
Suppose 0 = 2*z - 4*u - 2852, 14 = -5*u - 1. Suppose -2*p + z = -32. What is the tens digit of p?
2
Suppose 3*m - 2*a - 19 = 0, -5*a + 2*a + 31 = 4*m. Let l(j) = 5*j**2 - j - 11. What is the units digit of l(m)?
7
What is the units digit of ((-2500)/12)/((-2)/36)*(-53)/(-1